 - 40. Calculate the highest common factor of k and q.
10
Let u = 489 + -474. Let x = 4 + -7. Let k = u + x. What is the highest common factor of 48 and k?
12
Let x = -3 + 19. Suppose x*y = 12*y + 24. Calculate the greatest common factor of y and 4.
2
Let c(q) = -5*q - 5. Let i be c(-12). Suppose d + w - i = 0, d - 2*w - 4 - 39 = 0. Calculate the greatest common divisor of d and 17.
17
Suppose -19*u + 44 = -17*u. Calculate the greatest common factor of 22 and u.
22
Let y = -25 - -61. Suppose 0 = -11*v + 9*v + y. What is the highest common divisor of 27 and v?
9
Suppose 2*i - 10 = -3*m - 1, -5*i + 4*m = -11. Suppose -2*w - 46 = -c, i*w = -0*c + c - 42. Calculate the greatest common factor of 9 and c.
9
Let k = -135 + 161. Suppose 0 = 5*n - 0*n. Suppose -3*v + v = 4*l - 2, n = 5*v + 3*l - k. What is the greatest common divisor of v and 28?
7
Let n be ((-24)/(-10))/(-6*(-1)/180). Suppose n = 4*i - 128. What is the greatest common factor of i and 20?
10
Suppose 5*f + 273 = 748. Let z = -84 + f. Calculate the greatest common divisor of z and 176.
11
Let r be (2/6)/(15/5715). Suppose 8*l - 121 - r = 0. What is the highest common factor of l and 217?
31
Suppose 6*s - 18 - 12 = 0. Suppose -3*r + 5*r - 22 = -s*z, 0 = -3*z. What is the highest common factor of 66 and r?
11
Suppose -12*w + 12 = -15*w. Let n be (-144)/40*10/w. Let f(h) = -h**3 + 6*h**2 + 7*h + 3. Let o be f(7). What is the greatest common factor of o and n?
3
Let d(z) = z**3 + 2*z**2 + z + 1. Let x be d(2). Let i = 79 + -75. Suppose -i*j + 592 = 4*c, c - 4 + 160 = j. What is the greatest common factor of x and j?
19
Let w be (15/135)/((-2)/(-48))*87. What is the highest common divisor of w and 64?
8
Let o = 42357 - 42346. Let n be (-1)/2 - (-10)/4. Suppose -v - v = -n. What is the greatest common factor of v and o?
1
Let f = -1076 - -1088. Calculate the greatest common factor of 64 and f.
4
Let v = -814 + 1192. Suppose -9*c = -2*c - v. What is the greatest common divisor of c and 135?
27
Let d(o) = 3*o**2 + o - 1. Let q be d(-2). Let j = 49 + -40. What is the highest common factor of j and q?
9
Let k be (-8436)/(-304) - (-6)/(-8). Calculate the highest common factor of 15 and k.
3
Suppose -5*n + 5*k = -580, 7*k - 10*k - 227 = -2*n. Calculate the highest common divisor of n and 33.
11
Let v = -695 + 765. Calculate the highest common factor of 35 and v.
35
Let z(k) = -k**3 + 5*k**2 - 2*k + 4. Let a be z(4). Let x = 547 - 529. Calculate the highest common divisor of a and x.
6
Suppose 6*c - 3*g + 5 = 4*c, 0 = -4*c + g + 5. Let w = -35 - -37. Suppose -5*p - l = -w*l - 123, -l + 52 = c*p. What is the greatest common factor of 10 and p?
5
Let r be 1/(1/(-3) - (-4582)/13224). What is the highest common divisor of r and 32?
4
Let q(k) = k**3 - 14*k**2 - 14*k - 6. Let h be q(15). What is the highest common divisor of 21 and h?
3
Let k be 6 + (-3 + 3)/(-2). Let t be 3 - 3/(-6)*k. Let p be 106/t - (-10)/30. Calculate the highest common divisor of 162 and p.
18
Let v = -17 - -6. Let d(z) = 13*z + 11. Let l be d(v). Let r be 3/9 + l/(-9). What is the greatest common factor of 75 and r?
15
Suppose -5*c = -5*k - 100, 10*c - 41 = 8*c + k. Calculate the greatest common factor of 8 and c.
1
Let i be -5*(-3)/(18/258). What is the greatest common divisor of i and 86?
43
Let c be ((-6)/(-4) + -1)/(1/36). Suppose -9*k - 18 = -12*k. What is the greatest common divisor of k and c?
6
Let x(w) = -2*w**3 - 15*w**2 + 7*w - 6. Let p(v) = v**3 + 3*v**2 - v + 4. Let j be p(-4). Let y be x(j). What is the greatest common divisor of y and 18?
2
Let y(z) = 2*z**3 + z**2 - 2*z + 1. Let h be y(1). Let l be (0 - (-17 - h)) + (0 - 3). What is the greatest common divisor of l and 112?
16
Suppose 5 = -0*j + 5*j + 5*p, 28 = 3*j - 2*p. What is the highest common divisor of j and 6?
6
Suppose 60*n = 74*n - 1456. What is the highest common factor of 8 and n?
8
Let g(w) = w**2 - 3*w + 50. Let d be g(8). Calculate the greatest common divisor of 20 and d.
10
Let k be (-3568)/(-12) - (-1)/(-3). Suppose 115 = 5*j + 5*s, -72*j + 77*j + 3*s - 123 = 0. Calculate the greatest common divisor of j and k.
27
Let p = 25 + -21. Suppose -98 = -p*u - 34. Calculate the greatest common factor of u and 176.
16
Let d(v) = -v**3 - 14*v**2 - v + 10. Let b be d(-14). Calculate the highest common divisor of 6 and b.
6
Suppose 5*g - 10 = 0, -f + 3*g = -86 - 78. Suppose -251*m + 180*m = -4828. Calculate the greatest common factor of f and m.
34
Let u = 55 - 51. Suppose 2*n = u*g + 134, -2*n - 3*g = -g - 164. What is the highest common divisor of 7 and n?
7
Let w be 0/(-1 - (-2 - 1)). Suppose w*i - i = -6. Calculate the highest common factor of 66 and i.
6
Let b = 3 + 2. Suppose 3*h + 52 = 4*u, -2*u + 3*u - h - 14 = 0. Suppose 30 = u*s - b*s. What is the highest common divisor of 15 and s?
3
Let w(m) = -36*m + 168. Let j be w(-26). Calculate the greatest common factor of 138 and j.
138
Let r(s) = s + 1. Let q be r(2). Suppose k - 2*c - 22 = 0, 5*k - 72 - 10 = q*c. Calculate the greatest common factor of k and 70.
14
Let t = 10 - 8. Suppose -4*p - t*k = -26 - 6, -5*p + 3*k = -18. What is the greatest common factor of 18 and p?
6
Let n(z) = -2*z + 6. Let t be n(-8). Calculate the greatest common divisor of 33 and t.
11
Let v be -7*(-4 - (-50)/14). Suppose v*t + 80 = 7*t. Calculate the highest common divisor of t and 10.
10
Suppose -4*p + 4*d = -4, -2 = 3*d + 1. Let y be 1/(-1)*1*(-3 - p). What is the greatest common divisor of y and 9?
3
Let a(s) = 30*s**2 + 9 + 2*s - 6*s - 29*s**2. Let o be a(4). What is the highest common factor of o and 9?
9
Let w(f) = -3*f + 3 - 2 + 9. Let y be w(3). Let n(p) = 4*p**3 + p - 2. Let c be n(y). What is the greatest common divisor of c and 6?
3
Let s(r) be the second derivative of r**3/6 - 3*r**2/2 + r. Let l be s(8). Suppose l*w - w = 4. Calculate the highest common divisor of w and 9.
1
Let d be (-141)/376 + 795/8. Calculate the greatest common divisor of d and 66.
33
Let k be (-5 + -8)*(-2)/(-2). Let z = 14 + k. Calculate the highest common divisor of z and 11.
1
Let k(g) = g. Let c(m) = 7*m - 9. Let s(w) = c(w) + 6*k(w). Let x be s(3). Let v be 3615/x + (-1)/(-2). What is the greatest common divisor of 11 and v?
11
Suppose 90 = -4*x + 390. Suppose 4*a + 27 = x. What is the greatest common divisor of a and 84?
12
Let l(c) = c**2 + 10*c + 21. Let g = -31 - -22. Let z be l(g). Calculate the greatest common divisor of z and 84.
12
Let n(r) be the second derivative of r**4/2 + r**3/2 - 21*r**2/2 - 26*r. Let x be n(-5). Calculate the highest common divisor of x and 6.
6
Let s(c) = -5*c + 4*c + 4*c + 4*c**2 + c. Let v be s(-3). What is the greatest common factor of v and 3?
3
Suppose 0 = -5*k - 5*r + r + 490, 10 = -2*r. Calculate the greatest common divisor of k and 17.
17
Let t(r) = -27*r - 30. Let n be t(-2). Suppose 2*w + 34 + 236 = 0. Let m be (-32)/(-6)*w/(-12). What is the highest common divisor of n and m?
12
Suppose 0 = -5*d + 65 + 15. Let a = -22 + 14. Let w be (-6)/(-8) - 58/a. Calculate the greatest common divisor of d and w.
8
Let h(t) = -t**3 + 13*t**2 + 21*t - 112. Let r be h(11). Calculate the highest common divisor of r and 19.
19
Suppose -75 = -3*x + 81. Let w = -124 + 137. Calculate the highest common divisor of w and x.
13
Suppose -6*c - 1174 = -1636. What is the greatest common divisor of 21 and c?
7
Suppose -5*j = 2*d - 170, j - 2*d - 22 = 24. Suppose n = 3*g - 18, 0 = -3*n - 2*n - 3*g - j. Let t = -3 - n. Calculate the greatest common divisor of t and 42.
6
Let y be (-32)/(-6)*(-306)/(-24). Suppose -5*c + 3*n + 162 = 0, -2*n + 0*n + y = 2*c. What is the highest common divisor of c and 11?
11
Suppose 796 - 266 = 5*o. Calculate the greatest common divisor of 159 and o.
53
Suppose 4*w + 0 = -3*k - 8, 0 = 4*k + 4*w + 4. Calculate the greatest common divisor of 22 and k.
2
Suppose c - b - 100 = 0, b + 400 = 3*c + c. Calculate the greatest common factor of 25 and c.
25
Let h be 8/10*(-5985)/42. Let t = 116 + h. Calculate the greatest common divisor of 9 and t.
1
Suppose 267*t = 263*t + 540. Calculate the greatest common divisor of 81 and t.
27
Let f(u) = 14*u**2 - 15*u + 26. Let h be f(5). What is the highest common factor of h and 43?
43
Let r(i) = -i**3 - i**2 + 27. Let v be r(0). Suppose 5*c - 714 = 96. Su